+ 4*w - 5. What are the prime factors of c(p)?
11
Suppose 0 = -5*a + 3*s + 7, -3*s = -3*a + 7 - 4. Let o = a + 3. Suppose 2*y - 1 = 3*k + 27, -2*k = o*y - 32. List the prime factors of y.
2
Suppose 0 = b - 0*b. Suppose b*z = -z + 22. What are the prime factors of z?
2, 11
Let a(b) = -6*b**2 - b + 10*b**2 - 1 + 13*b**2 - 3*b**2. List the prime factors of a(-1).
2, 7
Let l(c) = -c**3 + c**2 + 6*c + 5. What are the prime factors of l(-3)?
23
Let k(o) = 2*o**2 + 7*o - 16. List the prime factors of k(-7).
3, 11
Suppose -5*j + 6 = -8*j. What are the prime factors of 3/(2 + (j - -1))?
3
Let u = 5 - 6. Let i be (u*5)/1 - -2. Let a = i + 5. List the prime factors of a.
2
Let r = -57 - -74. What are the prime factors of r?
17
Let u be 13 - 2 - (-2 + 1). Let n be -1*9/u*-24. Suppose 3*z = n + 15. List the prime factors of z.
11
Let h = 655 - 429. List the prime factors of h.
2, 113
Let p = 33 - 5. List the prime factors of p.
2, 7
Suppose 5*k - 75 - 42 = 3*w, -5*w + 101 = 4*k. Let g be k/(-1)*15/(-20). Suppose 0 = 2*m + 8, 0 = -0*l - 2*l + 3*m + g. What are the prime factors of l?
3
Suppose -7*s + 3*s - 3*h = -1, -2*s - 2*h - 2 = 0. Suppose -s = -g - 0*g + 2*o, 0 = 3*g + 4*o - 2. List the prime factors of g.
2
Let z(t) = -t**3 - 21*t**2 + 12*t + 11. What are the prime factors of z(-22)?
3, 7, 11
Let m(f) = 5*f + 4. Let s(j) = 9*j + 8. Let y(p) = -7*m(p) + 4*s(p). List the prime factors of y(0).
2
Let s(f) be the first derivative of 4/3*f**3 - 2*f + 0*f**2 - 3. List the prime factors of s(-2).
2, 7
Let l = 12 + -7. Let n be ((-1)/2 - 0)*-12. Suppose n = l*b - 2*b. List the prime factors of b.
2
Suppose 60 = 2*j + 2*j. Suppose -4*z + j = z. Suppose z*t - 32 = t. List the prime factors of t.
2
Suppose 4*x = -0*x + 112. Let w = x + -76. List the prime factors of ((-3)/(-6))/((-2)/w).
2, 3
Let a(m) = m - 2. Let l be a(6). Suppose -r - 4*g + 20 - 4 = 0, -76 = -4*r - l*g. What are the prime factors of r?
2, 5
Suppose 2*w = -4, -5*g - 5*w = -5 - 5. Suppose g*c + 74 = 2*j, 0 = c - 5*c + 12. List the prime factors of j.
43
Suppose 0*i = -3*i + 6. Suppose 5*n - 4*v - 100 = 0, i*v = -n + 27 - 7. List the prime factors of n.
2, 5
Suppose -5*w - 8 = 2*i, -4*w + 3*w - 5*i - 20 = 0. Suppose w = 5*a + a - 192. What are the prime factors of a?
2
Let m(t) = 3*t**2 + 6*t + 3. List the prime factors of m(-4).
3
Let f(x) be the second derivative of 7*x**5/60 - x**3/6 + x**2/2 + x. Let p(h) be the first derivative of f(h). List the prime factors of p(-1).
2, 3
Let c = -3 + 6. Let h = c + 0. Suppose h = 3*p - 3. List the prime factors of p.
2
Let r(b) = -5*b**2 - 3*b + 1. Let m(d) = -d**3 - d**2 - d + 1. Let i(s) = -m(s) - r(s). List the prime factors of i(-5).
3
Let y(p) = p - 3. Let i be y(8). What are the prime factors of ((-9)/(-6))/(i/90)?
3
Suppose 0 = -0*o + 4*o - 364. What are the prime factors of o?
7, 13
Let l(h) = h**2 + 3*h - 9. What are the prime factors of l(-8)?
31
Let b = 28 + -6. What are the prime factors of b?
2, 11
What are the prime factors of 0 + 20*2 - -1?
41
Suppose -4*f + 32 + 0 = 0. What are the prime factors of (4/6)/(f/36)?
3
Suppose 5*p + n + 2*n = 16, -p - 2 = -2*n. What are the prime factors of (-5)/p*32/(-10)?
2
Let x(w) = 3*w - 9 + 10 - w**3 + 7*w + 8*w**2. What are the prime factors of x(9)?
2, 5
Let u = -4 - -8. Let o be (-4)/(-12) + 98/3. Suppose u*m - 15 = o. List the prime factors of m.
2, 3
Suppose 0 = g - 2*g + 2. Suppose 2 = 3*y - g*y. List the prime factors of y.
2
Let u = 0 + -1. Let f = -7 + u. Let r = f - -16. What are the prime factors of r?
2
Let b = 10 - 10. Let a = b - -3. List the prime factors of a.
3
Let y be (-1 - (-1 + -29)) + -2. Let w = y - 10. What are the prime factors of w?
17
Let u(g) = -g**3 + 4*g**2 + 29*g - 8. What are the prime factors of u(7)?
2, 3
Let f = 394 - 152. List the prime factors of f.
2, 11
Suppose -g + 2*u + 6 = 0, -4*g + g + u + 13 = 0. Suppose g*t - 2*t - 18 = 0. List the prime factors of t.
3
Suppose 4*k = -5*y + 817, -4*y + 629 = 5*k - 21. What are the prime factors of y?
3, 5, 11
Suppose 0 = -3*n - 3*m + 27, 29 = 3*n - 0*m + m. List the prime factors of n - -3 - -1*3.
2
Suppose p + 5 = 6*p. Let x be 4 + -3*(-6)/(-9). Let t = x + p. What are the prime factors of t?
3
Let l = 14 + -10. List the prime factors of l.
2
Let w = -8 - -21. Suppose -u + 4*h - 10 - 8 = 0, -5*u = 2*h - 20. Suppose t - w + u = 0. What are the prime factors of t?
11
List the prime factors of 11368/88 + 6/(-33).
3, 43
List the prime factors of 27 - (4 + -3 + -3).
29
Let i(f) be the second derivative of -3*f**5/20 - f**4/3 - f**3/2 - 5*f. What are the prime factors of i(-2)?
2, 7
Let h = -3 + 28. What are the prime factors of h?
5
Suppose -5*a - 2*y + 595 = 3*y, -253 = -2*a - 5*y. What are the prime factors of a?
2, 3, 19
Let g(m) = m**2 - 6*m + 3. Let f be g(3). Let r be 4/18 + (-32)/(-18). Let h = r - f. What are the prime factors of h?
2
What are the prime factors of 2/(-1) + (106 - -4)?
2, 3
Let m be -3*(-3 - (-6)/3). Suppose 0 = -4*f + 5*f + 1. Let d = m + f. What are the prime factors of d?
2
Let l be (-14)/(-6) - (-16)/24. Suppose i = l*j - 91, 4*j - 99 = j - 3*i. What are the prime factors of j?
31
List the prime factors of 2*((-3)/(-6) + 1).
3
Suppose -18 - 54 = 3*n. Let w = n - -42. Suppose l + 2*l = w. List the prime factors of l.
2, 3
List the prime factors of -2 - 115/(-2) - (-3)/6.
2, 7
Let j(y) be the second derivative of y**4/12 - 2*y**3/3 - 9*y**2/2 - y. Let g = -2 - -9. List the prime factors of j(g).
2, 3
Let u(i) = 6*i + 1. Let c be u(7). Let l = -24 + c. What are the prime factors of l?
19
Let p be (-9)/15 - 36/(-10). Suppose c + j = -p*j + 25, -3*c = j - 86. What are the prime factors of c?
29
Let j = 238 + -130. List the prime factors of j.
2, 3
Let s(g) = -6*g - 24. List the prime factors of s(-7).
2, 3
Let w = -3 - 4. Let u(b) = -b**3 - 7*b**2 - 6*b + 3. Let i be u(w). Suppose 4*y = x + i, -2*x + 7 = -2*y + 25. What are the prime factors of y?
2, 3
Let g be (-285)/(-12) - (-4)/16. Suppose s + s = g. List the prime factors of s.
2, 3
Suppose g + g - 4 = 0. Suppose -g*u - 4 + 2 = 0. List the prime factors of 1 - (-3 + (-1)/u).
3
Let y(x) = x + 4. Let f be y(-6). Let k be (f + 3 - 0)/1. Let h(i) = 2*i + 1. List the prime factors of h(k).
3
Suppose 0*b - 75 = -5*b + 3*d, 0 = 5*b + d - 55. List the prime factors of b.
2, 3
Let o = -9 + -4. Suppose -2*u + 79 = 3*u + 4*k, -3*k = 12. Let l = u + o. List the prime factors of l.
2, 3
Let w = 160 - 35. What are the prime factors of w?
5
List the prime factors of 30/(2 + 2/(-2)).
2, 3, 5
What are the prime factors of (20/50)/(4/480)?
2, 3
Let p = -7 + 5. Let l be p/(2/(0 - 2)). Suppose 0 = l*b + 10, 0*i + b + 33 = 2*i. List the prime factors of i.
2, 7
Let t(v) = v**2 + 3*v + 1. List the prime factors of t(-6).
19
Suppose v = -0*v. Suppose 3*h + v*h - 9 = 0. Suppose -2*k = h - 9. List the prime factors of k.
3
Let c = -20 - -32. Let y = c - -2. Let f = 2 + y. List the prime factors of f.
2
Let k be (-2)/(-6) + (-22)/(-6). Suppose -k*u = -67 + 27. What are the prime factors of u?
2, 5
Let s be ((-6)/8)/((-2)/8). Suppose -73 = -4*d - 17. Suppose -4 = -s*g + d. List the prime factors of g.
2, 3
Let g be (14/(-6))/((-2)/6). Let m = g - 5. Let a = m + 10. What are the prime factors of a?
2, 3
List the prime factors of -1*(4/(-26) - 505/13).
3, 13
Let l(p) = -3*p - 1. Let y be l(-2). Suppose -y*q = 4*m - 130, q + 0*m - m = 17. What are the prime factors of q?
2, 11
Suppose 0 = 4*k - 268 - 4. What are the prime factors of k?
2, 17
Let x = -6 + 8. Suppose -3*p + 15 + 14 = -5*j, -x*p = 2*j + 2. List the prime factors of p.
3
Let s(y) = -5*y**3 + 8*y**2 - 2*y + 7. Let i(w) = -w**3 + w**2 + 1. Let k(a) = 6*i(a) - s(a). Let x be k(1). List the prime factors of 3 - (x - 3) - -2.
2, 5
Suppose -2*i - 3*x + 40 = -191, 3*i = -x + 364. What are the prime factors of i?
3, 41
Suppose -46*y + 48*y - 78 = 0. What are the prime factors of y?
3, 13
Let n be (-92)/(-12) - 1/(-3). Let m = 4 + n. What are the prime factors of m?
2, 3
Suppose -31 = -o + 47. What are the prime factors of o?
2, 3, 13
Suppose 0 = -3*b + 5*b - 12. Let f(x) = -x**2 + 6*x + x + 2*x - 7. What are the prime factors of f(b)?
11
Suppose 0 = -4*f - 6 - 6. Let t = 15 + -2. Let m = f + t. List the prime factors of m.
